 Let g(c) be the first derivative of -c**4 - c**2/2 + c - 3. Determine g(p).
-4
Let h(f) = f**3 + 4*f**2 + 4*f + 2. Let j(z) = z**3 + 9*z**2 + 21*z + 13. Let l be j(-6). Calculate h(l).
-43
Let q(h) = 29*h**3 + 7*h**2 + 7*h + 5. Let y(o) = -14*o**3 - 4*o**2 - 4*o - 3. Let m(w) = 4*q(w) + 7*y(w). Give m(1).
17
Let s(t) = -231*t**2 - 14*t + 49 - 23 + 232*t**2. What is s(11)?
-7
Let c(o) = -17*o + 5. Suppose 2*d = -j, 0*j = 3*j - 5*d - 22. Determine c(j).
-63
Let g(l) = -15 + 0*l**3 - 11*l + l**3 - 35 + 44 + 9*l**2. Give g(-10).
4
Let p(c) = 9*c + 1. Let x be 29/(2*(-2)/4). Let v = -32 - x. Give p(v).
-26
Let f(l) = -l**2 + 10*l + 2. Let r be 2*6/(36/33). Give f(r).
-9
Let k(l) = -l**3 - 10*l**2 - 8*l + 12. Let p be k(-9). Let q(g) = -3*g**2 - 3*g**3 + 3 - p*g**2 + 5*g**2 + 4*g**3. What is q(0)?
3
Let q be (2 - -4)/(-3) - -5. Suppose -c + 16 = q*c. Let p(o) = -2*o + 8 + 4 - 10. Determine p(c).
-6
Let t(v) be the first derivative of -5/4*v**4 + 0*v + 0*v**3 - 3 + 0*v**2. Calculate t(1).
-5
Let k(z) = -3*z - 7. Let l(c) = -10*c - 12. Let y(f) = 7*k(f) - 4*l(f). Calculate y(3).
56
Let m(k) = k + 1. Let z(h) = 3*h + 6*h**2 + h**3 - 8*h - 3*h. Let x be z(-7). Let u(c) = c - 8. Let d be u(x). Determine m(d).
0
Let w(a) = -a**3 + 8*a**2 - 7*a - 4. Suppose -27*s + 26*s + 2*n - 2 = 0, 0 = -3*s + 3*n + 6. Calculate w(s).
26
Let s(h) be the first derivative of -1/3*h**3 - 6 - 2*h**2 + 0*h. Calculate s(-6).
-12
Let s = -27 - -30. Let y(v) = -7 + 35*v - 32*v + s. Determine y(4).
8
Let o(p) = 4*p**2 - p - 1. Suppose -11*c + 59 = 37. Calculate o(c).
13
Let l be 4*((-2)/(-4) + 0/(-14)). Let j(f) = -3*f**2 - f + 8. What is j(l)?
-6
Let n(f) be the second derivative of -f**4/12 + f**3/3 - 5*f**2/2 - 2*f + 43. What is n(3)?
-8
Let y(a) be the third derivative of a**6/120 - a**5/15 - a**4/12 + a**3/2 - 1440*a**2. Suppose 0*u + 3*u = 6. Determine y(u).
-9
Let l(i) = -i + 2. Let v(z) = -6*z**2 + 2*z - 2. Let b(p) = -8*p - 47. Let f be b(-6). Let k be v(f). Determine l(k).
8
Let u(c) be the second derivative of c**3 + 1/2*c**2 + 0 - c + 1/6*c**4. What is u(-4)?
9
Let q(b) be the second derivative of -b**3/2 - 27*b**2/2 + 6*b - 19. Calculate q(-10).
3
Let z(h) = -2*h - 6. Let c be ((-48)/(-40))/(6/40). Suppose -5*y - c = -2*n + 20, n - 29 = 5*y. Give z(y).
6
Suppose -6*p + 11*p - 25 = 0. Let r(n) = 11 - 18 + 4*n - p*n. Give r(5).
-12
Let l(z) = -5*z - 2. Let j(p) = -3*p - 1. Let q(k) = -11*j(k) + 6*l(k). Let r = 38 + -35. Let h be r - 2 - (-1 - 0). What is q(h)?
5
Let s(p) = -p**3 - 4*p**2 + p + 4. Suppose -a + 6 = 10. Let t be s(a). Let g(k) = k. Calculate g(t).
0
Let h(f) = -f**2 - 3*f - 1. Let p be (-10)/(-15) - 120/(-9). Suppose 14*d = 21*d + p. Calculate h(d).
1
Suppose -4*a + 3*s + 45 = 0, -a - 11 = -5*s - 35. Let q = -4 + a. Let x(v) = 11*v + 8. Let j(y) = 5*y + 4. Let c(r) = 13*j(r) - 6*x(r). Give c(q).
-1
Let p(s) = -s**3 - 4*s**2 + 5*s. Let z(q) = 2*q + 37. Suppose 2*y + 0*y + 42 = 0. Let m be z(y). What is p(m)?
0
Let m(l) = 2*l**3 - 2*l**2 - l - 2. Let h be (18/(-4))/(3/(-4)). Suppose -9*w = -12*w + h. Determine m(w).
4
Let p(t) be the third derivative of -t**6/360 + t**5/120 + t**4/24 - 10*t**3/3 + 7*t**2. Let i(c) be the first derivative of p(c). Determine i(-2).
-5
Let r = 83 + -74. Let s be -9 + (r/6 - (-3)/2). Let k(h) = -h**3 - 7*h**2 - 7*h - 6. Calculate k(s).
0
Let a(b) = 2*b + 6. Let o(z) = 3*z**2 + 127*z - 92. Let h be o(-43). Calculate a(h).
-6
Let k(w) = -w**2 + 6*w + 2. Let r be (55/15 - 3)*-57. Let o = 41 + r. Give k(o).
11
Let n(u) = -7*u - 23. Let v be n(-4). Let l(r) = r**2 - 3*r - 7. What is l(v)?
3
Let d(q) = 5*q**3 - q**3 + 7*q**2 - 5*q**3 - 16*q**2 - 9. Let a(y) = -3*y + 21. Let p be a(10). What is d(p)?
-9
Let p(n) = -13*n**3 + 15*n**2 + 3*n - 3. Let y(m) = -4*m**3 + m**2 + m + 1. Let h(i) = -p(i) + 3*y(i). Determine h(12).
6
Suppose 0 = -o + 2*w + 4, 9*o = 4*o + 4*w + 8. Let j be ((-2)/6)/(5 - (-155)/(-30)). Let u(x) = -2*x**j + 6 - x - 3 + 3*x**2. Calculate u(o).
3
Let h(i) = -6*i**2 - 5*i - 4*i + 4 + 7*i**2 - 1 + 9. What is h(8)?
4
Let t = 101 - 102. Let u(r) = -10*r. Determine u(t).
10
Suppose -6*q + 14 - 2 = 0. Suppose 0 = 3*b - 2*o + 4*o + q, -5*o = -2*b - 33. Let z(f) = f**3 + 4*f**2 + f - 3. Determine z(b).
-7
Let b(y) = -y**3 - y + 6. Let m(l) = 43*l**2 + 1. Let a be m(-1). Let s be a/(-99) - (-12)/27. What is b(s)?
6
Let u(p) = 27*p**3 - 6*p**2 + 6*p + 5. Let s(i) = 25*i**3 - 5*i**2 + 5*i + 4. Let v(w) = -6*s(w) + 5*u(w). Determine v(1).
-14
Let o be 904/18 - (-4 - (-38)/9). Suppose 47*y - 3 = o*y. Let r(u) = 10*u**2 + u. What is r(y)?
9
Let q(w) be the second derivative of 6*w**5/5 + w**3/6 + w**2/2 + 204*w. Determine q(-1).
-24
Let a(t) be the third derivative of -t**7/2520 + t**6/144 + t**5/15 - 3*t**2. Let l(o) be the third derivative of a(o). Let f = 5 - 0. Determine l(f).
-5
Let f(i) = 3 - 9 - 11 + 2*i + 1. Let y be f(8). Let l(r) = r - 6. Determine l(y).
-6
Let j(n) be the first derivative of -n**6/360 - n**5/20 - n**4/8 - 11*n**3/3 - 5. Let d(o) be the third derivative of j(o). Give d(-4).
5
Let v(p) = 2*p**2 + p + 16*p**3 + 0*p**2 - 5 - 15*p**3 - 7*p**2. Suppose 3*d + 10 = 5*d. Give v(d).
0
Let z(n) = -2*n - 43. Let q be z(-21). Let r(p) = -10*p**2 + p + 1. Give r(q).
-10
Let v(b) = 10*b. Let s(z) = -z. Suppose 5*g + 5*a = 0, -1 = -g - 3*g - 3*a. Let t(m) = g*v(m) + 8*s(m). What is t(1)?
2
Let r(v) = 0*v**2 + 970*v - 2 - 969*v + 3*v**2 + 4. Let i(m) = 7*m**2 + m + 5. Let g(f) = 2*i(f) - 5*r(f). Determine g(-3).
0
Suppose s - 4*s - 5*u = -29, -4*s + 3*u = 0. Let i(t) = -s*t**2 - 8*t**2 + 12*t**2 - 3*t - 1. What is i(3)?
-1
Let b(o) = -5*o + 1. Suppose 0 = 2*p + 4, j - 7 = 63*p - 59*p. Calculate b(j).
6
Let z(j) = -12*j**3 - j**2. Let g(b) = b**2 + 10*b + 10. Let h(w) = -2*w + 17. Let t be h(13). Let q be g(t). What is z(q)?
-13
Let r(u) = u**3 - 8*u**2 - 10*u + 13. Let o be r(9). Let f(q) = 2*q - q + 2*q**2 - q**3 - 3*q + o*q - 2. Determine f(2).
2
Suppose -5*w - 21*w = 364. Let f(n) be the second derivative of -n**4/12 - 5*n**3/2 - 9*n**2 - 2*n. Let p be f(w). Let j(a) = -4*a - 3. What is j(p)?
13
Let h(s) be the third derivative of 0 - 7*s**2 + 0*s**3 - 7/720*s**6 + 5/12*s**4 + 0*s**5 + 0*s. Let l(p) be the second derivative of h(p). What is l(1)?
-7
Let u(j) = 5*j**2 - j**3 - 4*j + 11*j - 5*j. Determine u(6).
-24
Let k(f) = -5*f**2 + 7*f - 6. Let i = -19 - -30. Let p(b) = 9*b**2 - 13*b + 11. Let x(y) = i*k(y) + 6*p(y). What is x(-4)?
-12
Suppose -2*u - 1 = 2*o + 9, -u = -o + 9. Let s(a) be the third derivative of a**5/60 + 11*a**4/24 - a**3 - 87*a**2. What is s(u)?
-34
Let x(q) = 0 - 3*q + 5*q + 0*q + 3. Calculate x(-8).
-13
Let h(z) = z**2 + 10*z - 7. Let j(o) = 9*o + 79. Let w be j(-10). Give h(w).
4
Let u be 1/(50/5 + -11). Let f(c) = 12*c - 1. What is f(u)?
-13
Let c = -22 + 31. Let r(f) = f**2 - 12*f + 26. Let s be r(c). Let g(b) be the third derivative of 11*b**5/60 - b**4/24 - b**3/6 + b**2. What is g(s)?
11
Let j(k) = -3*k - 14*k**2 + 30*k**2 + 9*k - 6*k**2 - 11*k**2 + 2. What is j(4)?
10
Let a(h) = -h**2 + 9*h - 9. Let o = 85 + -78. Determine a(o).
5
Let i(j) = j**2 + j + 1. Let x = -1 + -1. Let p(m) = 12 - 12 + 2 + 3*m - 3*m**2. Let z(h) = x*i(h) - p(h). Give z(5).
-4
Let d be (2 - 6 - -2) + 6. Suppose 0*u - d*u = -12. Suppose u*k - 2*k = -2. Let y(s) = -s**2 - 6*s - 3. Calculate y(k).
5
Let o(j) = j**2 + 5*j. Let r = -105 + 114. Suppose 0 = i - 5, -r*w = -7*w - 3*i + 25. Give o(w).
0
Let f(a) = -2*a**2 - a + 3. Suppose 5*p - 25 = 5*b, 4 = p + 5*b + 11. Suppose -p*k - 40 = -i, -3*k - 5*i = -8*k - 50. Let q = k + 12. Give f(q).
-12
Let l = -14 - -8. Let t(y) = -2*y - 10. Let b be t(l). Let r(m) = 2*m**3 + m**b + 2 + 3*m**2 + 0*m**3 - 3*m**3 - 4*m. Calculate r(2).
2
Let x(f) = f**2 + 12*f - 20. Let h(v) = -v**2 - 14*v + 24. Let l(w) = -5*h(w) - 6*x(w). Determine l(-4).
-8
Let k = -96 + 101. Suppose 6*a - 2*u = k*a + 13, -2*a = -u - 14. Let c(t) = -t**2 + 6*t - 4. Determine c(a).
1
Let g be (5/6)/((-1)/(-6)). Let c = 0 + g. Suppose v - 4*x - 7 = 0, -c*x = 2*v - 0*x + 25. Let b(o) = o**2 + 4*o + 5. What is b(v)?
10
Let b(g) = g**3 + 4*g**2 + 3*g + 3. Let n(x) = -3*x - 26. Let s be n(-11). Suppose s*r + 36 = -2*r. Determine b(r).
-9
Let g(a) = 24*a**2 - 25*a**2 + a**3 + 25 + 0*a**3. Give g(0).
25
Let x(l) 